{"id":3,"date":"2020-06-09T00:15:12","date_gmt":"2020-06-09T00:15:12","guid":{"rendered":"http:\/\/eastm.com.mx\/?page_id=3"},"modified":"2023-03-16T15:02:27","modified_gmt":"2023-03-16T15:02:27","slug":"privacy-policy","status":"publish","type":"page","link":"https:\/\/eastm.com.mx\/?page_id=3","title":{"rendered":"Privacy Policy"},"content":{"rendered":"<p><\/p>\n\n\n<h1><strong>AVISO DE PRIVACIDAD<\/strong><\/h1>\n\n\n\n<p>De acuerdo a lo Previsto en la \u201cLey Federal de Protecci\u00f3n de Datos Personales\u201d, declara Especialistas en Aplicaciones y Soporte T\u00e9cnico M\u00e9dico S.A. de C.V., ser una empresa legalmente constituida de conformidad con las Leyes Mexicanas, con domicilio en Calle Pino No. 343 Bodega, Colonia Atlampa, C.P. 06450, Alcald\u00eda Cuauht\u00e9moc, Ciudad\u00a0 de M\u00e9xico; y como responsable del tratamiento de sus datos personales, hace de su conocimiento que la informaci\u00f3n de nuestros clientes, proveedores y procesos internos de EASTM se encuentra protegida mediante diversos mecanismos para impedir la utilizaci\u00f3n de dicha informaci\u00f3n por parte de terceras personas sin autorizaci\u00f3n, manteniendo la confidencialidad de la informaci\u00f3n susceptible de sus datos.<\/p>\n\n\n\n<p>&nbsp;&nbsp;<strong>Tales como:<\/strong><\/p>\n\n\n\n<ol type=\"1\"><li>Nombre Completo.<\/li><li>Direcci\u00f3n.<\/li><li>Registro Federal de Contribuyentes.<\/li><li>Tel\u00e9fono de Casa, Oficina y m\u00f3viles<\/li><li>Correo Electr\u00f3nico.<\/li><li>Puesto y\/o ocupaci\u00f3n.<\/li><li>Raz\u00f3n social.<\/li><li>Acta Constitutiva debidamente registrada en el Registro P\u00fablico de la Propiedad y del Comercio de la Entidad que les corresponda.<\/li><li>Documento que acredite la personalidad del que la representa.<\/li><li>Objeto Social<\/li><li>Constancia de situaci\u00f3n fiscal<\/li><\/ol>\n\n\n\n<p>Estos ser\u00e1n utilizados \u00fanica y exclusivamente para los siguientes fines:<\/p>\n\n\n\n<ol type=\"1\"><li>Informaci\u00f3n y Prestaci\u00f3n de Servicios.<\/li><li>Actualizaci\u00f3n de la Base de Datos.<\/li><li>Licitaciones P\u00fablicas, Invitaciones Restringidas, Asignaciones Directas o cualquier mecanismo vigente utilizado por las dependencias de Gobierno Federal y Estatal para la Adquisici\u00f3n de Bienes y\/o Servicios, contemplado en las Leyes Vigentes en la Materia.<\/li><li>Para poder atender y gestionar los diferentes pedidos, solicitudes, consultas y resoluci\u00f3n de dudas<\/li><li>Investigaci\u00f3n y\/u Obtenci\u00f3n de Cr\u00e9ditos ante las Instituciones Financieras.<\/li><li>Por el \u00e1rea de recursos humanos.<\/li><li>Cualquier finalidad an\u00e1loga o compatible con las anteriores.<\/li><\/ol>\n\n\n\n<p>En el caso de <strong><u>Datos Sensibles<\/u><\/strong>, tales como:<\/p>\n\n\n\n<ol type=\"1\"><li>Datos Financieros (Ingresos, Estados de Cuenta, y dem\u00e1s relacionados)<\/li><li>Datos Patrimoniales (Bienes Materiales, Inmuebles, y dem\u00e1s relacionados)<\/li><li>Datos Personales (C\u00f3nyuge, Estado Civil, Nacionalidad, Educaci\u00f3n, Hijos, y dem\u00e1s relacionados).<\/li><li>Referencias familiares y no familiares (Nombre, Direcci\u00f3n, Tel\u00e9fono, relaci\u00f3n, etc.).<\/li><li>Contratos de distribuci\u00f3n, servicios y listas de precios (de productos)<\/li><li>Documentos Referentes a Registros Sanitarios, Certificados de calidad, Cat\u00e1logos, etc.<\/li><\/ol>\n\n\n\n<p>Para prevenir el acceso no autorizado a sus datos personales y con el fin de asegurar que la informaci\u00f3n sea utilizada para los fines establecidos en este aviso de privacidad, hemos establecido diversos procedimientos con la finalidad de evitar el uso o divulgaci\u00f3n no autorizados de sus datos, permiti\u00e9ndonos tratarlos debidamente.<\/p>\n\n\n\n<p>Todos sus datos personales son tratados de acuerdo a la legislaci\u00f3n aplicable y vigente en el pa\u00eds, por ello le informamos que usted tiene en todo momento los derechos <strong>(ARCO) <\/strong>de acceder, rectificar, cancelar u oponerse al tratamiento que le damos a sus datos personales; derecho que podr\u00e1 hacer valer mediante la respectiva solicitud que ser\u00e1 dirigida al <strong>\u00c1rea de Privacidad encargada de la seguridad de datos personales en el Tel\u00e9fono (55)&nbsp;&nbsp; 57529998, o mediante correo electr\u00f3nico: <\/strong><a href=\"mailto:khernandez@eastm.com.mx\"><strong><u>khernandez@eastm.com.mx<\/u><\/strong><strong> <\/strong><\/a>quienes verificar\u00e1n que la misma contenga lo siguiente:<\/p>\n\n\n\n<ol type=\"1\"><li>El nombre del Titular de los datos, tel\u00e9fono, as\u00ed\u0301 como domicilio completo, correo electr\u00f3nico u otro medio para comunicarle la respuesta a su solicitud.<\/li><li>Documento vigente que acredite la identidad del Titular.<\/li><li>La descripci\u00f3n clara y precisa de los datos personales y\/o las razones respecto de los que se busca ejercer alguno de los derechos ARCO.<\/li><li>Cualquier otro elemento o documento que facilite la localizaci\u00f3n de los datos personales.<\/li><li>En el caso de que se trate de una solicitud de RECTIFICACI\u00d3N de datos personales, el titular deber\u00e1\u0301 indicar, adem\u00e1s, las modificaciones a realizarse y aportar la documentaci\u00f3n que sustente su petici\u00f3n.<\/li><li>En caso de que la solicitud no cumpla con alguno de estos requisitos de forma, se rechazar\u00e1 la solicitud y se informar\u00e1 al solicitante.<\/li><li>En caso de que la solicitud re\u00fana todos los requisitos de forma, se continuar\u00e1 el tr\u00e1mite de acuerdo al siguiente procedimiento:<ol><li>Los responsables de la Protecci\u00f3n de Datos Personales comunicar\u00e1n al Titular o a su Representante Legal, en un plazo m\u00e1ximo de 20 (veinte) d\u00edas h\u00e1biles, contados desde la fecha en que se recibi\u00f3\u0301 la solicitud de acceso, rectificaci\u00f3n, cancelaci\u00f3n u oposici\u00f3n, la determinaci\u00f3n adoptada, mediante el medio indicado por \u00e9ste en su solicitud.<\/li><\/ol><ol><li>Si resulta procedente la solicitud de acceso, rectificaci\u00f3n, cancelaci\u00f3n u oposici\u00f3n, se har\u00e1\u0301 efectiva la misma dentro de los 15 (quince) d\u00edas h\u00e1biles siguientes a la fecha en que se comunique la respuesta.<\/li><\/ol><ol><li>Trat\u00e1ndose de solicitudes de ACCESO a datos personales, proceder\u00e1 la entrega previa acreditaci\u00f3n de la identidad del solicitante o representante legal, seg\u00fan corresponda, lo cual se tendr\u00e1\u0301 que hacer de manera presencial y personal el Titular o su representante legal.<ol><li>La obligaci\u00f3n de ACCESO a la informaci\u00f3n se dar\u00e1 por cumplida cuando se pongan a disposici\u00f3n del Titular los datos personales; o bien, mediante la expedici\u00f3n de copias simples, documentos electr\u00f3nicos o cualquier otro medio.<\/li><\/ol><\/li><\/ol><\/li><li>El Departamento de Datos Personales de \u201cPunto de Encuentro TIC, S.A. de C.V.\u201d se auxiliar\u00e1 de las dem\u00e1s \u00e1reas y personas que a nombre y por cuenta de \u00e9sta, traten datos personales del Titular e implementaran conjuntamente las medidas necesarias para dar cumplimiento con la solicitud.<\/li><li>Se podr\u00e1 negar el acceso al Titular de los datos personales, \u00f3 a realizar la rectificaci\u00f3n o cancelaci\u00f3n o conceder la oposici\u00f3n al tratamiento de los mismos, en los siguientes supuestos:<ol><li>Cuando el solicitante no sea el Titular de los datos personales, o el representante legal no est\u00e9 debidamente acreditado para ello;<\/li><\/ol><ol><li>Cuando en su base de datos, no se encuentren los datos personales del solicitante;<\/li><\/ol><ol><li>Cuando exista un impedimento legal, o la resoluci\u00f3n de una autoridad competente, que restrinja el acceso a los datos personales, o no permita la rectificaci\u00f3n, cancelaci\u00f3n u oposici\u00f3n de los mismos, y;<\/li><\/ol><ol><li>Cuando la rectificaci\u00f3n, cancelaci\u00f3n u oposici\u00f3n ya haya sido previamente realizada.<\/li><\/ol><\/li><li>&nbsp;El \u00c1rea de Privacidad encargada de la seguridad de datos personales de Especialistas en aplicaciones y Soporte T\u00e9cnico M\u00e9dico, S.A. de C.V.\u201d deber\u00e1\u0301 informar el motivo de su decisi\u00f3n y comunicarla al Titular, o en su caso, al representante legal, en los plazos establecidos para tal efecto, por el mismo medio establecido en la solicitud, acompa\u00f1ando, en su caso, las pruebas que resulten pertinentes.<\/li><\/ol>\n\n\n\n<p class=\"has-text-align-center\"><strong>A<\/strong><strong>T<\/strong><strong>E<\/strong><strong>N<\/strong><strong>T<\/strong><strong>A<\/strong><strong>M<\/strong><strong>E<\/strong><strong>N<\/strong><strong>T<\/strong><strong>E<\/strong><\/p>\n\n\n\n<figure class=\"wp-block-image\"><img src=\"http:\/\/eastm.com.mx\/wp-content\/uploads\/2021\/02\/LOGO-COMPLETO-1-e1612203616251.png\" alt=\"\"\/><\/figure>\n\n\n<p><\/p>","protected":false},"excerpt":{"rendered":"<p>AVISO DE PRIVACIDAD De acuerdo a lo Previsto en la \u201cLey Federal de Protecci\u00f3n de Datos Personales\u201d, declara Especialistas en Aplicaciones y Soporte T\u00e9cnico M\u00e9dico S.A. de C.V., ser una &#8230;<\/p>\n","protected":false},"author":1,"featured_media":0,"parent":0,"menu_order":0,"comment_status":"closed","ping_status":"open","template":"","meta":[],"_links":{"self":[{"href":"https:\/\/eastm.com.mx\/index.php?rest_route=\/wp\/v2\/pages\/3"}],"collection":[{"href":"https:\/\/eastm.com.mx\/index.php?rest_route=\/wp\/v2\/pages"}],"about":[{"href":"https:\/\/eastm.com.mx\/index.php?rest_route=\/wp\/v2\/types\/page"}],"author":[{"embeddable":true,"href":"https:\/\/eastm.com.mx\/index.php?rest_route=\/wp\/v2\/users\/1"}],"replies":[{"embeddable":true,"href":"https:\/\/eastm.com.mx\/index.php?rest_route=%2Fwp%2Fv2%2Fcomments&post=3"}],"version-history":[{"count":5,"href":"https:\/\/eastm.com.mx\/index.php?rest_route=\/wp\/v2\/pages\/3\/revisions"}],"predecessor-version":[{"id":721,"href":"https:\/\/eastm.com.mx\/index.php?rest_route=\/wp\/v2\/pages\/3\/revisions\/721"}],"wp:attachment":[{"href":"https:\/\/eastm.com.mx\/index.php?rest_route=%2Fwp%2Fv2%2Fmedia&parent=3"}],"curies":[{"name":"wp","href":"https:\/\/api.w.org\/{rel}","templated":true}]}}

<p></p>


<h1><strong>AVISO DE PRIVACIDAD</strong></h1>



<p>De acuerdo a lo Previsto en la “Ley Federal de Protección de Datos Personales”, declara Especialistas en Aplicaciones y Soporte Técnico Médico S.A. de C.V., ser una empresa legalmente constituida de conformidad con las Leyes Mexicanas, con domicilio en Calle Pino No. 343 Bodega, Colonia Atlampa, C.P. 06450, Alcaldía Cuauhtémoc, Ciudad  de México; y como responsable del tratamiento de sus datos personales, hace de su conocimiento que la información de nuestros clientes, proveedores y procesos internos de EASTM se encuentra protegida mediante diversos mecanismos para impedir la utilización de dicha información por parte de terceras personas sin autorización, manteniendo la confidencialidad de la información susceptible de sus datos.</p>



<p>&nbsp;&nbsp;<strong>Tales como:</strong></p>



<ol type="1"><li>Nombre Completo.</li><li>Dirección.</li><li>Registro Federal de Contribuyentes.</li><li>Teléfono de Casa, Oficina y móviles</li><li>Correo Electrónico.</li><li>Puesto y/o ocupación.</li><li>Razón social.</li><li>Acta Constitutiva debidamente registrada en el Registro Público de la Propiedad y del Comercio de la Entidad que les corresponda.</li><li>Documento que acredite la personalidad del que la representa.</li><li>Objeto Social</li><li>Constancia de situación fiscal</li></ol>



<p>Estos serán utilizados única y exclusivamente para los siguientes fines:</p>



<ol type="1"><li>Información y Prestación de Servicios.</li><li>Actualización de la Base de Datos.</li><li>Licitaciones Públicas, Invitaciones Restringidas, Asignaciones Directas o cualquier mecanismo vigente utilizado por las dependencias de Gobierno Federal y Estatal para la Adquisición de Bienes y/o Servicios, contemplado en las Leyes Vigentes en la Materia.</li><li>Para poder atender y gestionar los diferentes pedidos, solicitudes, consultas y resolución de dudas</li><li>Investigación y/u Obtención de Créditos ante las Instituciones Financieras.</li><li>Por el área de recursos humanos.</li><li>Cualquier finalidad análoga o compatible con las anteriores.</li></ol>



<p>En el caso de <strong><u>Datos Sensibles</u></strong>, tales como:</p>



<ol type="1"><li>Datos Financieros (Ingresos, Estados de Cuenta, y demás relacionados)</li><li>Datos Patrimoniales (Bienes Materiales, Inmuebles, y demás relacionados)</li><li>Datos Personales (Cónyuge, Estado Civil, Nacionalidad, Educación, Hijos, y demás relacionados).</li><li>Referencias familiares y no familiares (Nombre, Dirección, Teléfono, relación, etc.).</li><li>Contratos de distribución, servicios y listas de precios (de productos)</li><li>Documentos Referentes a Registros Sanitarios, Certificados de calidad, Catálogos, etc.</li></ol>



<p>Para prevenir el acceso no autorizado a sus datos personales y con el fin de asegurar que la información sea utilizada para los fines establecidos en este aviso de privacidad, hemos establecido diversos procedimientos con la finalidad de evitar el uso o divulgación no autorizados de sus datos, permitiéndonos tratarlos debidamente.</p>



<p>Todos sus datos personales son tratados de acuerdo a la legislación aplicable y vigente en el país, por ello le informamos que usted tiene en todo momento los derechos <strong>(ARCO) </strong>de acceder, rectificar, cancelar u oponerse al tratamiento que le damos a sus datos personales; derecho que podrá hacer valer mediante la respectiva solicitud que será dirigida al <strong>Área de Privacidad encargada de la seguridad de datos personales en el Teléfono (55)&nbsp;&nbsp; 57529998, o mediante correo electrónico: </strong><a href="mailto:khernandez@eastm.com.mx"><strong><u>khernandez@eastm.com.mx</u></strong><strong> </strong></a>quienes verificarán que la misma contenga lo siguiente:</p>



<ol type="1"><li>El nombre del Titular de los datos, teléfono, así́ como domicilio completo, correo electrónico u otro medio para comunicarle la respuesta a su solicitud.</li><li>Documento vigente que acredite la identidad del Titular.</li><li>La descripción clara y precisa de los datos personales y/o las razones respecto de los que se busca ejercer alguno de los derechos ARCO.</li><li>Cualquier otro elemento o documento que facilite la localización de los datos personales.</li><li>En el caso de que se trate de una solicitud de RECTIFICACIÓN de datos personales, el titular deberá́ indicar, además, las modificaciones a realizarse y aportar la documentación que sustente su petición.</li><li>En caso de que la solicitud no cumpla con alguno de estos requisitos de forma, se rechazará la solicitud y se informará al solicitante.</li><li>En caso de que la solicitud reúna todos los requisitos de forma, se continuará el trámite de acuerdo al siguiente procedimiento:<ol><li>Los responsables de la Protección de Datos Personales comunicarán al Titular o a su Representante Legal, en un plazo máximo de 20 (veinte) días hábiles, contados desde la fecha en que se recibió́ la solicitud de acceso, rectificación, cancelación u oposición, la determinación adoptada, mediante el medio indicado por éste en su solicitud.</li></ol><ol><li>Si resulta procedente la solicitud de acceso, rectificación, cancelación u oposición, se hará́ efectiva la misma dentro de los 15 (quince) días hábiles siguientes a la fecha en que se comunique la respuesta.</li></ol><ol><li>Tratándose de solicitudes de ACCESO a datos personales, procederá la entrega previa acreditación de la identidad del solicitante o representante legal, según corresponda, lo cual se tendrá́ que hacer de manera presencial y personal el Titular o su representante legal.<ol><li>La obligación de ACCESO a la información se dará por cumplida cuando se pongan a disposición del Titular los datos personales; o bien, mediante la expedición de copias simples, documentos electrónicos o cualquier otro medio.</li></ol></li></ol></li><li>El Departamento de Datos Personales de “Punto de Encuentro TIC, S.A. de C.V.” se auxiliará de las demás áreas y personas que a nombre y por cuenta de ésta, traten datos personales del Titular e implementaran conjuntamente las medidas necesarias para dar cumplimiento con la solicitud.</li><li>Se podrá negar el acceso al Titular de los datos personales, ó a realizar la rectificación o cancelación o conceder la oposición al tratamiento de los mismos, en los siguientes supuestos:<ol><li>Cuando el solicitante no sea el Titular de los datos personales, o el representante legal no esté debidamente acreditado para ello;</li></ol><ol><li>Cuando en su base de datos, no se encuentren los datos personales del solicitante;</li></ol><ol><li>Cuando exista un impedimento legal, o la resolución de una autoridad competente, que restrinja el acceso a los datos personales, o no permita la rectificación, cancelación u oposición de los mismos, y;</li></ol><ol><li>Cuando la rectificación, cancelación u oposición ya haya sido previamente realizada.</li></ol></li><li>&nbsp;El Área de Privacidad encargada de la seguridad de datos personales de Especialistas en aplicaciones y Soporte Técnico Médico, S.A. de C.V.” deberá́ informar el motivo de su decisión y comunicarla al Titular, o en su caso, al representante legal, en los plazos establecidos para tal efecto, por el mismo medio establecido en la solicitud, acompañando, en su caso, las pruebas que resulten pertinentes.</li></ol>



<p class="has-text-align-center"><strong>A</strong><strong>T</strong><strong>E</strong><strong>N</strong><strong>T</strong><strong>A</strong><strong>M</strong><strong>E</strong><strong>N</strong><strong>T</strong><strong>E</strong></p>



<figure class="wp-block-image"><img src="http://eastm.com.mx/wp-content/uploads/2021/02/LOGO-COMPLETO-1-e1612203616251.png" alt=""/></figure>


<p></p>

<p>AVISO DE PRIVACIDAD De acuerdo a lo Previsto en la “Ley Federal de Protección de Datos Personales”, declara Especialistas en Aplicaciones y Soporte Técnico Médico S.A. de C.V., ser una &#8230;</p>
